 - -13)/(2/2).
13
Suppose 18 = 6*x - 4*x. Calculate the remainder when 81/(-36)*408/(-18) is divided by x.
6
Let h be (-4)/(-14) + (-14)/49. Let v be ((-20)/8 - -2)*h. Suppose v = -2*u - 2*u + 32. Calculate the remainder when u is divided by 3.
2
Let j(g) = -80*g + 29. Calculate the remainder when j(-3) is divided by 91.
87
Let v = -12 - -16. Suppose 0 = -u - 3, 3*l - v*l - u = 21. Let b = -16 - l. Calculate the remainder when b is divided by 1.
0
Suppose 0 = 2*b - 40 - 10. Suppose 0 = -2*c + 3*h - 89, 2*c - 4*h + 49 = -9*h. Let w = -24 - c. What is the remainder when b is divided by w?
12
Suppose -4*c + 350 = 134. Calculate the remainder when c is divided by 2*(-3)/(12/(-56)).
26
Suppose -5*i + 0*i + 5*s + 65 = 0, 55 = 4*i - 3*s. Suppose -1 = x + 3. Calculate the remainder when i is divided by (0 - x - -2)*1.
4
Let s(h) = h**3 - 4*h + 5. Let o(r) = r**3 - r**2 - 4*r - 3. Let w be o(3). Calculate the remainder when s(w) is divided by 12.
8
Suppose h + 7 - 30 = 5*i, -4*i - 36 = -3*h. What is the remainder when 12 is divided by 36/h - (-1)/2?
2
Suppose m + 3 = 4*w, -4*w - 6 = -4*m + 6. What is the remainder when ((-2)/(-6))/(m/795) is divided by 16/(-40) - (-144)/10?
11
Let r(u) = u**2 - 49*u + 365. Suppose -3*x = 2*g + 2*g - 2, -g = -4*x - 10. What is the remainder when r(9) is divided by g?
1
Let n = 254 - 181. Let u = 6 + -3. What is the remainder when n is divided by (-52)/(-2) - (-2 + u)?
23
Let b(r) = 35*r - 122. Suppose -2*o = -189 + 13. Calculate the remainder when o is divided by b(4).
16
Let m(k) = k**3 + 22*k**2 - 10*k - 205. What is the remainder when -71*((-2)/2)/1 is divided by m(-22)?
11
Suppose -3*x = -5*a - 3, 2*a - 3*x = 3*a - 3. Suppose a = 4*v - 39 - 13. What is the remainder when v is divided by 3?
1
Let g(u) = 2*u**3 - 27*u**2 + 16*u - 10. Let s = 138 + -125. What is the remainder when 142 is divided by g(s)?
26
Let w(r) = -3*r**3 - r**2 - 6*r - 3. Calculate the remainder when 83 is divided by w(-2).
25
Suppose -3*k = 4*u - 450, 5*u - 22*k + 20*k = 551. Calculate the remainder when 339 is divided by u.
6
Suppose -116 = 69*h - 73*h. Suppose n - 2*n - 2*j + 140 = 0, -5*n - 4*j + 712 = 0. What is the remainder when n is divided by h?
28
Suppose -4*s + 11 = -4*u - 9, 20 = 5*s. What is the remainder when u*(3 + 0) + 14 is divided by 6?
5
Let u be ((-2)/6)/((-9)/135). Suppose -u*o + 85 = -0*o. Calculate the remainder when o is divided by 5.
2
Let h be (15/(-2) - -5)*-2. What is the remainder when h + 32 - -5 - -4 is divided by 12?
10
Let m(x) = x + 44. Calculate the remainder when 141 is divided by m(-8).
33
Let k(o) = 15*o - 91. What is the remainder when 114 is divided by k(9)?
26
Suppose -5*i + 20 - 5 = 0. Calculate the remainder when 60 is divided by (-1)/i*1*-63.
18
Let x = -10 - -24. Suppose -2*m + n = -4 + x, 3*n = -3*m - 6. What is the remainder when 95 is divided by 185/15 + m/12?
11
Let l = 68 - 64. Suppose -4*g + 46 = -l*m + 218, 0 = -4*m + 2*g + 164. What is the remainder when 152 is divided by m?
35
Let k(j) = -j**3 + 8*j**2 - 6*j + 5. Let g be (-1)/(-2) + 13/(-2). Let n(z) = -z**3 - 8*z**2 - 16*z - 11. Calculate the remainder when k(5) is divided by n(g).
11
Let v = 93 + -70. Calculate the remainder when 111 is divided by v.
19
Let v = 219 + -213. Suppose -i - 7 + 26 = 3*m, 0 = -m - 1. Calculate the remainder when i is divided by v.
4
Let u = 49 - 48. Calculate the remainder when 1 + (0 - -2) + u is divided by 3.
1
Let m = 0 - 5. What is the remainder when 82 + 0 + (-8 - m) is divided by 4 - (2 + (-19 - -1))?
19
Let s(v) = -v**3 - 12*v**2 - v - 8. Let a be s(-7). Calculate the remainder when a/(-8) + (-5)/(-20) is divided by 1 + -5 - (-30)/2.
9
What is the remainder when 136 is divided by 8/(-4) + (-1 - -5) - -8?
6
Let y(g) = 8*g**3 - g**2 - 6*g + 4. Let o be y(3). Suppose 2*n - 4*t - 390 = 0, 5*t - 6*t - o = -n. Calculate the remainder when n is divided by 48.
47
Let c(t) be the first derivative of -2 - 2 + 6*t**3 - 1 + 6 + t. What is the remainder when 54 is divided by c(-1)?
16
Suppose 3*l + 4*h - 15 = 0, -4*l + 4*h = 3*h - 1. Let f = -4 - l. Let t = 7 + f. What is the remainder when 4 is divided by t?
0
Suppose 3*k + 2*w - 7 = 0, w - 3 = -3*k - 2*w. Suppose -j - 3 = -k. Calculate the remainder when 3 is divided by j.
1
Let z = -81 - -114. Suppose r + 3 = k - 8, 0 = -5*k + r + 47. What is the remainder when z is divided by k?
6
Let r be (39/18 + -2)*-3*2. What is the remainder when 1 is divided by (r + 0)/(-1*(-2 + 3))?
0
Suppose -25*w - 1956 + 5281 = 0. Calculate the remainder when 526 is divided by w.
127
Suppose 0 = 5*x - 10, 4*y + 3*x - 26 = -0*x. Suppose j + 47 = 2*n, -n - j - 97 = -y*n. What is the remainder when 43 is divided by n?
18
Suppose 0 = -5*m, -y = -5*m - 67 + 27. Calculate the remainder when 72 is divided by y.
32
Suppose 2*o - 224 = 3*h, -2*o - 3*h = -0*o - 212. What is the remainder when o is divided by 14?
11
Let k(y) = y + 11. Suppose -5*d = -10 + 30. Calculate the remainder when 32 is divided by k(d).
4
Let p(v) = 8*v**2 - 2*v - 66. What is the remainder when p(6) is divided by 53?
51
Suppose -2*z = -51 + 17. Suppose 2*p - z + 7 = 0. Suppose 183 = p*o - 4*l, -3*o - l + 33 = -2*o. What is the remainder when 67 is divided by o?
32
Suppose -5*m + 4 - 54 = 0. Let g = m + 28. What is the remainder when 33 is divided by g?
15
Let p = -4 - -14. Suppose 2*g + 3*g = p. Suppose 24 = 4*b - 2*u, -3*b + 4*u + 36 = g*b. What is the remainder when 13 is divided by b?
1
Suppose -5*l + 7*l = 8. What is the remainder when 7*6/2*l/3 is divided by 10?
8
Suppose -20*o = -o - 513. Calculate the remainder when 213 is divided by o.
24
Suppose -y + v = -23 - 7, -y + 18 = 5*v. Calculate the remainder when y is divided by 22.
6
Let g be -1*1*1*-3. Let o(z) = -72*z - 1213. What is the remainder when (-63)/(-2) + g/6 is divided by o(-17)?
10
Suppose 3*w = 4*o - 1190, 2*w - 327 = 7*o - 2416. Calculate the remainder when o is divided by 26.
13
Suppose 42*f = 45*f + 2*o - 2579, f + o = 861. Calculate the remainder when f is divided by 283.
8
Suppose g - 2*l - 48 = 0, 3*g - 260 = -2*g + 5*l. Suppose 5*c - 59 = -2*u - 15, -u - 33 = -3*c. What is the remainder when (6 + -1)*g/c is divided by 15?
13
Let t(z) = 14*z + 192. What is the remainder when t(-10) is divided by 16?
4
Let g = -569 + 608. What is the remainder when 77 is divided by g?
38
Let q = 56 - 27. Suppose 5*l = q + 26. Suppose p = -3 + l. Calculate the remainder when 13 is divided by p.
5
Suppose -24*z + 7010 = 2210. Calculate the remainder when z is divided by 36.
20
Let s(t) = -9*t - 182. What is the remainder when s(-33) is divided by 77?
38
Suppose 7*b - 350 = 399. Let g = 116 - b. What is the remainder when 33 is divided by g?
6
Suppose -192 = -i - 15*i. Calculate the remainder when 263 is divided by i.
11
Let w(x) = 15*x - 95. What is the remainder when 173 is divided by w(8)?
23
Let h(k) = -k**3 - 6*k**2 - 6*k - 3. Let g be h(-5). Suppose g*w + 2*w - 32 = 0. Let r = 12 + w. What is the remainder when 77 is divided by r?
17
Suppose -102 = -7*a + a. Calculate the remainder when 108 is divided by a.
6
Suppose 0*f + 35 = 5*f. Suppose 0 = -l + 23 - 1. Calculate the remainder when l is divided by (f - -2)*(-2)/(-3).
4
Let u(c) = -c - 6. Let w be u(1). Let j(l) = l**3 + 8*l**2 + 2*l + 17. What is the remainder when j(w) is divided by 14?
10
Let y(a) = 81*a**2 + 5*a + 25. What is the remainder when y(-3) is divided by 14?
11
Let s be 1/(2 - (-118)/(-60)). Suppose -5*o = -5*w - s, 48 = o + 3*o + 4*w. What is the remainder when o is divided by (-168)/63*3*(-6)/8?
3
Let a(l) = l**3 - 25*l**2 - 39*l + 149. What is the remainder when a(27) is divided by 16?
10
Let t(f) = f**2. Let j be t(4). Suppose -4*k = u - 28, 2*u - u + k = j. What is the remainder when 30 is divided by -2*u/8 - -19?
14
Let r(x) = -x**3 + 7*x**2 + x + 1. Let u be r(7). Suppose u + 0 = 4*v, -m = 3*v - 17. What is the remainder when 32 is divided by m?
10
Suppose 3*t + 121 = 151. What is the remainder when 87 is divided by t?
7
Suppose 6*p - 20*p = -364. What is the remainder when 75 is divided by p?
23
Suppose -5*k = -5*m + 365, -2*m + 5*k + 169 - 29 = 0. Suppose 73*f + 48 = m*f. Calculate the remainder when f is divided by 5.
4
Suppose -g = -17*g + 368. Let q = 234 - 76. What is the remainder w